{"id":690,"date":"2014-09-29T11:27:53","date_gmt":"2014-09-29T09:27:53","guid":{"rendered":"http:\/\/www.schneiderhof.com\/cms\/?page_id=690"},"modified":"2020-03-27T11:38:56","modified_gmt":"2020-03-27T09:38:56","slug":"impressum","status":"publish","type":"page","link":"https:\/\/www.schneiderhof.com\/cms\/impressum\/","title":{"rendered":"Impressum"},"content":{"rendered":"<p><strong>F\u00fcr den Inhalt dieser Homepage verantwortlich:<\/strong><br \/>\nFranz Neuner <span class=\"st\">e.U.<\/span><br \/>\nTransporte und Begr\u00fcnungstechnik<br \/>\nPlaik 95, 6105 Leutasch<br \/>\nTirol \/ Austria<br \/>\nMobil: 0043 (0)664 21 21 041<br \/>\nEmail: schneiderhof@aon.at<\/p>\n<p>UID: ATU56507658<br \/>\nWirtschaftskammer Tirol: Sparte Erzeug. chem.-techn. Produkte, Konz.Unternehmungen internat., Kehr-\/ Wasch- und R\u00e4umdienste<br \/>\nRechtsinformationsservices des Bundeskanzleramtes: <a class=\"\" href=\"http:\/\/www.ris.bka.gv.at\" target=\"_blank\" data-gentics-gcn-url=\"http:\/\/www.ris.bka.gv.at\">www.ris.bka.gv.at<\/a><br \/>\n<a style=\"text-decoration: none; color: #333;\" href=\"https:\/\/chiefessays.net\/\">https:\/\/chiefessays.net\/<\/a><br \/>\n<strong>Fotos\u2028<\/strong><br \/>\n\u00a9Manuel Gappmayer, Franz Neuner, Privat<\/p>\n<p><strong>Haftungsausschluss\u2028<\/strong><br \/>\nTrotz sorgf\u00e4ltiger Recherche wird f\u00fcr die Richtigkeit und Vollst\u00e4ndigkeit der auf der Homepage www.beg\u00fcnungstechnik-neuner.at und www.schneiderhof.com angebotenen Inhalte wird keine Gew\u00e4hr \u00fcbernommen. Den angebotenen Informationen kommt keine Rechtsverbindlichkeit zu. F\u00fcr die Inhalte und Richtigkeit von Seiten, die auf diese Homepage verweisen bzw verlinken, \u00fcbernehmen wir keinerlei Haftung. Alle Rechte vorbehalten.<\/p>\n","protected":false},"excerpt":{"rendered":"<p>F\u00fcr den Inhalt dieser Homepage verantwortlich: Franz Neuner e.U. Transporte und Begr\u00fcnungstechnik Plaik 95, 6105 Leutasch Tirol \/ Austria Mobil: 0043 (0)664 21 21 041 Email: schneiderhof@aon.at UID: ATU56507658 Wirtschaftskammer Tirol: Sparte Erzeug. chem.-techn. Produkte, Konz.Unternehmungen internat., Kehr-\/ Wasch- und R\u00e4umdienste Rechtsinformationsservices des Bundeskanzleramtes: www.ris.bka.gv.at https:\/\/chiefessays.net\/ Fotos\u2028 \u00a9Manuel Gappmayer, Franz Neuner, Privat Haftungsausschluss\u2028 Trotz sorgf\u00e4ltiger Recherche wird f\u00fcr die Richtigkeit und Vollst\u00e4ndigkeit der auf der Homepage www.beg\u00fcnungstechnik-neuner.at und www.schneiderhof.com angebotenen Inhalte wird keine Gew\u00e4hr \u00fcbernommen. Den angebotenen Informationen kommt keine Rechtsverbindlichkeit zu. F\u00fcr die Inhalte und Richtigkeit von Seiten, die auf diese Homepage verweisen bzw verlinken, \u00fcbernehmen wir keinerlei Haftung.&nbsp;<a href=\"https:\/\/www.schneiderhof.com\/cms\/impressum\/\" class=\"read-more\">Continue Reading<\/a><\/p>\n","protected":false},"author":1,"featured_media":0,"parent":0,"menu_order":0,"comment_status":"closed","ping_status":"closed","template":"","meta":{"footnotes":""},"class_list":["post-690","page","type-page","status-publish","hentry"],"yoast_head":"<!-- This site is optimized with the Yoast SEO plugin v25.3.1 - https:\/\/yoast.com\/wordpress\/plugins\/seo\/ -->\n<title>Impressum - Agrardienste Franz Neuner<\/title>\n<meta name=\"description\" content=\"Unser Aufgabengebiet sind landwirtschaftliche Dienst wie m\u00e4hen und heupressen, Rinderzucht der Rasse Galloway, Winterdienst, Spritzbegr\u00fcnung, Heu- Tansporte\" \/>\n<meta name=\"robots\" content=\"index, follow, max-snippet:-1, max-image-preview:large, max-video-preview:-1\" \/>\n<link rel=\"canonical\" href=\"https:\/\/www.schneiderhof.com\/cms\/impressum\/\" \/>\n<meta name=\"twitter:label1\" content=\"Gesch\u00e4tzte Lesezeit\" \/>\n\t<meta name=\"twitter:data1\" content=\"1\u00a0Minute\" \/>\n<script type=\"application\/ld+json\" class=\"yoast-schema-graph\">{\"@context\":\"https:\/\/schema.org\",\"@graph\":[{\"@type\":\"WebPage\",\"@id\":\"https:\/\/www.schneiderhof.com\/cms\/impressum\/\",\"url\":\"https:\/\/www.schneiderhof.com\/cms\/impressum\/\",\"name\":\"Impressum - Agrardienste Franz Neuner\",\"isPartOf\":{\"@id\":\"https:\/\/www.schneiderhof.com\/cms\/#website\"},\"datePublished\":\"2014-09-29T09:27:53+00:00\",\"dateModified\":\"2020-03-27T09:38:56+00:00\",\"description\":\"Unser Aufgabengebiet sind landwirtschaftliche Dienst wie m\u00e4hen und heupressen, Rinderzucht der Rasse Galloway, Winterdienst, Spritzbegr\u00fcnung, Heu- Tansporte\",\"breadcrumb\":{\"@id\":\"https:\/\/www.schneiderhof.com\/cms\/impressum\/#breadcrumb\"},\"inLanguage\":\"de\",\"potentialAction\":[{\"@type\":\"ReadAction\",\"target\":[\"https:\/\/www.schneiderhof.com\/cms\/impressum\/\"]}]},{\"@type\":\"BreadcrumbList\",\"@id\":\"https:\/\/www.schneiderhof.com\/cms\/impressum\/#breadcrumb\",\"itemListElement\":[{\"@type\":\"ListItem\",\"position\":1,\"name\":\"Home\",\"item\":\"https:\/\/www.schneiderhof.com\/cms\/\"},{\"@type\":\"ListItem\",\"position\":2,\"name\":\"Impressum\"}]},{\"@type\":\"WebSite\",\"@id\":\"https:\/\/www.schneiderhof.com\/cms\/#website\",\"url\":\"https:\/\/www.schneiderhof.com\/cms\/\",\"name\":\"Franz Neuner\",\"description\":\"Transporte \u2022 Agrardienste \u2022 Rinderzucht\",\"potentialAction\":[{\"@type\":\"SearchAction\",\"target\":{\"@type\":\"EntryPoint\",\"urlTemplate\":\"https:\/\/www.schneiderhof.com\/cms\/?s={search_term_string}\"},\"query-input\":{\"@type\":\"PropertyValueSpecification\",\"valueRequired\":true,\"valueName\":\"search_term_string\"}}],\"inLanguage\":\"de\"}]}<\/script>\n<!-- \/ Yoast SEO plugin. -->","yoast_head_json":{"title":"Impressum - Agrardienste Franz Neuner","description":"Unser Aufgabengebiet sind landwirtschaftliche Dienst wie m\u00e4hen und heupressen, Rinderzucht der Rasse Galloway, Winterdienst, Spritzbegr\u00fcnung, Heu- Tansporte","robots":{"index":"index","follow":"follow","max-snippet":"max-snippet:-1","max-image-preview":"max-image-preview:large","max-video-preview":"max-video-preview:-1"},"canonical":"https:\/\/www.schneiderhof.com\/cms\/impressum\/","twitter_misc":{"Gesch\u00e4tzte Lesezeit":"1\u00a0Minute"},"schema":{"@context":"https:\/\/schema.org","@graph":[{"@type":"WebPage","@id":"https:\/\/www.schneiderhof.com\/cms\/impressum\/","url":"https:\/\/www.schneiderhof.com\/cms\/impressum\/","name":"Impressum - Agrardienste Franz Neuner","isPartOf":{"@id":"https:\/\/www.schneiderhof.com\/cms\/#website"},"datePublished":"2014-09-29T09:27:53+00:00","dateModified":"2020-03-27T09:38:56+00:00","description":"Unser Aufgabengebiet sind landwirtschaftliche Dienst wie m\u00e4hen und heupressen, Rinderzucht der Rasse Galloway, Winterdienst, Spritzbegr\u00fcnung, Heu- Tansporte","breadcrumb":{"@id":"https:\/\/www.schneiderhof.com\/cms\/impressum\/#breadcrumb"},"inLanguage":"de","potentialAction":[{"@type":"ReadAction","target":["https:\/\/www.schneiderhof.com\/cms\/impressum\/"]}]},{"@type":"BreadcrumbList","@id":"https:\/\/www.schneiderhof.com\/cms\/impressum\/#breadcrumb","itemListElement":[{"@type":"ListItem","position":1,"name":"Home","item":"https:\/\/www.schneiderhof.com\/cms\/"},{"@type":"ListItem","position":2,"name":"Impressum"}]},{"@type":"WebSite","@id":"https:\/\/www.schneiderhof.com\/cms\/#website","url":"https:\/\/www.schneiderhof.com\/cms\/","name":"Franz Neuner","description":"Transporte \u2022 Agrardienste \u2022 Rinderzucht","potentialAction":[{"@type":"SearchAction","target":{"@type":"EntryPoint","urlTemplate":"https:\/\/www.schneiderhof.com\/cms\/?s={search_term_string}"},"query-input":{"@type":"PropertyValueSpecification","valueRequired":true,"valueName":"search_term_string"}}],"inLanguage":"de"}]}},"_links":{"self":[{"href":"https:\/\/www.schneiderhof.com\/cms\/wp-json\/wp\/v2\/pages\/690","targetHints":{"allow":["GET"]}}],"collection":[{"href":"https:\/\/www.schneiderhof.com\/cms\/wp-json\/wp\/v2\/pages"}],"about":[{"href":"https:\/\/www.schneiderhof.com\/cms\/wp-json\/wp\/v2\/types\/page"}],"author":[{"embeddable":true,"href":"https:\/\/www.schneiderhof.com\/cms\/wp-json\/wp\/v2\/users\/1"}],"replies":[{"embeddable":true,"href":"https:\/\/www.schneiderhof.com\/cms\/wp-json\/wp\/v2\/comments?post=690"}],"version-history":[{"count":12,"href":"https:\/\/www.schneiderhof.com\/cms\/wp-json\/wp\/v2\/pages\/690\/revisions"}],"predecessor-version":[{"id":1806,"href":"https:\/\/www.schneiderhof.com\/cms\/wp-json\/wp\/v2\/pages\/690\/revisions\/1806"}],"wp:attachment":[{"href":"https:\/\/www.schneiderhof.com\/cms\/wp-json\/wp\/v2\/media?parent=690"}],"curies":[{"name":"wp","href":"https:\/\/api.w.org\/{rel}","templated":true}]}}