{"id":845,"date":"2014-11-05T20:22:09","date_gmt":"2014-11-05T18:22:09","guid":{"rendered":"http:\/\/www.schneiderhof.com\/cms\/?page_id=845"},"modified":"2019-06-19T19:36:34","modified_gmt":"2019-06-19T17:36:34","slug":"beitraege","status":"publish","type":"page","link":"https:\/\/www.schneiderhof.com\/cms\/beitraege\/","title":{"rendered":"Aktuelles &#8211; Beitr\u00e4ge"},"content":{"rendered":"<p>Transport Wildf\u00fctterung<a href=\"https:\/\/www.schneiderhof.com\/cms\/wp-content\/uploads\/2019\/01\/transporte-2.jpg\"><img decoding=\"async\" class=\"alignnone size-full wp-image-1109\" src=\"https:\/\/www.schneiderhof.com\/cms\/wp-content\/uploads\/2019\/01\/transporte-2.jpg\" alt=\"transporte - 2\" \/><\/a><\/p>\n<p>&nbsp;<\/p>\n<p>&nbsp;<\/p>\n","protected":false},"excerpt":{"rendered":"<p>Transport Wildf\u00fctterung &nbsp; &nbsp;<\/p>\n","protected":false},"author":1,"featured_media":0,"parent":0,"menu_order":0,"comment_status":"closed","ping_status":"closed","template":"","meta":{"footnotes":""},"class_list":["post-845","page","type-page","status-publish","hentry"],"yoast_head":"<!-- This site is optimized with the Yoast SEO plugin v25.3.1 - https:\/\/yoast.com\/wordpress\/plugins\/seo\/ -->\n<title>Aktuelles - Beitr\u00e4ge - Agrardienste Franz Neuner<\/title>\n<meta name=\"description\" content=\"Wir sind spezialisiert auf landwirtschaftliche Dienste und die Zucht von Galloway. Zus\u00e4tzlich bieten wir Spritzbegr\u00fcnung, Heu- Tansporte und Schneer\u00e4umung\" \/>\n<meta name=\"robots\" content=\"index, follow, max-snippet:-1, max-image-preview:large, max-video-preview:-1\" \/>\n<link rel=\"canonical\" href=\"https:\/\/www.schneiderhof.com\/cms\/beitraege\/\" \/>\n<script type=\"application\/ld+json\" class=\"yoast-schema-graph\">{\"@context\":\"https:\/\/schema.org\",\"@graph\":[{\"@type\":\"WebPage\",\"@id\":\"https:\/\/www.schneiderhof.com\/cms\/beitraege\/\",\"url\":\"https:\/\/www.schneiderhof.com\/cms\/beitraege\/\",\"name\":\"Aktuelles - Beitr\u00e4ge - Agrardienste Franz Neuner\",\"isPartOf\":{\"@id\":\"https:\/\/www.schneiderhof.com\/cms\/#website\"},\"primaryImageOfPage\":{\"@id\":\"https:\/\/www.schneiderhof.com\/cms\/beitraege\/#primaryimage\"},\"image\":{\"@id\":\"https:\/\/www.schneiderhof.com\/cms\/beitraege\/#primaryimage\"},\"thumbnailUrl\":\"https:\/\/www.schneiderhof.com\/cms\/wp-content\/uploads\/2019\/01\/transporte-2.jpg\",\"datePublished\":\"2014-11-05T18:22:09+00:00\",\"dateModified\":\"2019-06-19T17:36:34+00:00\",\"description\":\"Wir sind spezialisiert auf landwirtschaftliche Dienste und die Zucht von Galloway. Zus\u00e4tzlich bieten wir Spritzbegr\u00fcnung, Heu- Tansporte und Schneer\u00e4umung\",\"breadcrumb\":{\"@id\":\"https:\/\/www.schneiderhof.com\/cms\/beitraege\/#breadcrumb\"},\"inLanguage\":\"de\",\"potentialAction\":[{\"@type\":\"ReadAction\",\"target\":[\"https:\/\/www.schneiderhof.com\/cms\/beitraege\/\"]}]},{\"@type\":\"ImageObject\",\"inLanguage\":\"de\",\"@id\":\"https:\/\/www.schneiderhof.com\/cms\/beitraege\/#primaryimage\",\"url\":\"https:\/\/www.schneiderhof.com\/cms\/wp-content\/uploads\/2019\/01\/transporte-2.jpg\",\"contentUrl\":\"https:\/\/www.schneiderhof.com\/cms\/wp-content\/uploads\/2019\/01\/transporte-2.jpg\"},{\"@type\":\"BreadcrumbList\",\"@id\":\"https:\/\/www.schneiderhof.com\/cms\/beitraege\/#breadcrumb\",\"itemListElement\":[{\"@type\":\"ListItem\",\"position\":1,\"name\":\"Home\",\"item\":\"https:\/\/www.schneiderhof.com\/cms\/\"},{\"@type\":\"ListItem\",\"position\":2,\"name\":\"Aktuelles &#8211; Beitr\u00e4ge\"}]},{\"@type\":\"WebSite\",\"@id\":\"https:\/\/www.schneiderhof.com\/cms\/#website\",\"url\":\"https:\/\/www.schneiderhof.com\/cms\/\",\"name\":\"Franz Neuner\",\"description\":\"Transporte \u2022 Agrardienste \u2022 Rinderzucht\",\"potentialAction\":[{\"@type\":\"SearchAction\",\"target\":{\"@type\":\"EntryPoint\",\"urlTemplate\":\"https:\/\/www.schneiderhof.com\/cms\/?s={search_term_string}\"},\"query-input\":{\"@type\":\"PropertyValueSpecification\",\"valueRequired\":true,\"valueName\":\"search_term_string\"}}],\"inLanguage\":\"de\"}]}<\/script>\n<!-- \/ Yoast SEO plugin. -->","yoast_head_json":{"title":"Aktuelles - Beitr\u00e4ge - Agrardienste Franz Neuner","description":"Wir sind spezialisiert auf landwirtschaftliche Dienste und die Zucht von Galloway. Zus\u00e4tzlich bieten wir Spritzbegr\u00fcnung, Heu- Tansporte und Schneer\u00e4umung","robots":{"index":"index","follow":"follow","max-snippet":"max-snippet:-1","max-image-preview":"max-image-preview:large","max-video-preview":"max-video-preview:-1"},"canonical":"https:\/\/www.schneiderhof.com\/cms\/beitraege\/","schema":{"@context":"https:\/\/schema.org","@graph":[{"@type":"WebPage","@id":"https:\/\/www.schneiderhof.com\/cms\/beitraege\/","url":"https:\/\/www.schneiderhof.com\/cms\/beitraege\/","name":"Aktuelles - Beitr\u00e4ge - Agrardienste Franz Neuner","isPartOf":{"@id":"https:\/\/www.schneiderhof.com\/cms\/#website"},"primaryImageOfPage":{"@id":"https:\/\/www.schneiderhof.com\/cms\/beitraege\/#primaryimage"},"image":{"@id":"https:\/\/www.schneiderhof.com\/cms\/beitraege\/#primaryimage"},"thumbnailUrl":"https:\/\/www.schneiderhof.com\/cms\/wp-content\/uploads\/2019\/01\/transporte-2.jpg","datePublished":"2014-11-05T18:22:09+00:00","dateModified":"2019-06-19T17:36:34+00:00","description":"Wir sind spezialisiert auf landwirtschaftliche Dienste und die Zucht von Galloway. Zus\u00e4tzlich bieten wir Spritzbegr\u00fcnung, Heu- Tansporte und Schneer\u00e4umung","breadcrumb":{"@id":"https:\/\/www.schneiderhof.com\/cms\/beitraege\/#breadcrumb"},"inLanguage":"de","potentialAction":[{"@type":"ReadAction","target":["https:\/\/www.schneiderhof.com\/cms\/beitraege\/"]}]},{"@type":"ImageObject","inLanguage":"de","@id":"https:\/\/www.schneiderhof.com\/cms\/beitraege\/#primaryimage","url":"https:\/\/www.schneiderhof.com\/cms\/wp-content\/uploads\/2019\/01\/transporte-2.jpg","contentUrl":"https:\/\/www.schneiderhof.com\/cms\/wp-content\/uploads\/2019\/01\/transporte-2.jpg"},{"@type":"BreadcrumbList","@id":"https:\/\/www.schneiderhof.com\/cms\/beitraege\/#breadcrumb","itemListElement":[{"@type":"ListItem","position":1,"name":"Home","item":"https:\/\/www.schneiderhof.com\/cms\/"},{"@type":"ListItem","position":2,"name":"Aktuelles &#8211; Beitr\u00e4ge"}]},{"@type":"WebSite","@id":"https:\/\/www.schneiderhof.com\/cms\/#website","url":"https:\/\/www.schneiderhof.com\/cms\/","name":"Franz Neuner","description":"Transporte \u2022 Agrardienste \u2022 Rinderzucht","potentialAction":[{"@type":"SearchAction","target":{"@type":"EntryPoint","urlTemplate":"https:\/\/www.schneiderhof.com\/cms\/?s={search_term_string}"},"query-input":{"@type":"PropertyValueSpecification","valueRequired":true,"valueName":"search_term_string"}}],"inLanguage":"de"}]}},"_links":{"self":[{"href":"https:\/\/www.schneiderhof.com\/cms\/wp-json\/wp\/v2\/pages\/845","targetHints":{"allow":["GET"]}}],"collection":[{"href":"https:\/\/www.schneiderhof.com\/cms\/wp-json\/wp\/v2\/pages"}],"about":[{"href":"https:\/\/www.schneiderhof.com\/cms\/wp-json\/wp\/v2\/types\/page"}],"author":[{"embeddable":true,"href":"https:\/\/www.schneiderhof.com\/cms\/wp-json\/wp\/v2\/users\/1"}],"replies":[{"embeddable":true,"href":"https:\/\/www.schneiderhof.com\/cms\/wp-json\/wp\/v2\/comments?post=845"}],"version-history":[{"count":15,"href":"https:\/\/www.schneiderhof.com\/cms\/wp-json\/wp\/v2\/pages\/845\/revisions"}],"predecessor-version":[{"id":1111,"href":"https:\/\/www.schneiderhof.com\/cms\/wp-json\/wp\/v2\/pages\/845\/revisions\/1111"}],"wp:attachment":[{"href":"https:\/\/www.schneiderhof.com\/cms\/wp-json\/wp\/v2\/media?parent=845"}],"curies":[{"name":"wp","href":"https:\/\/api.w.org\/{rel}","templated":true}]}}