{"id":9,"date":"2011-07-14T19:46:13","date_gmt":"2011-07-14T17:46:13","guid":{"rendered":"http:\/\/your_website_url_here\/?page_id=9"},"modified":"2019-06-19T19:37:14","modified_gmt":"2019-06-19T17:37:14","slug":"landwirtschaft","status":"publish","type":"page","link":"https:\/\/www.schneiderhof.com\/cms\/landwirtschaft\/","title":{"rendered":"Agrardienste"},"content":{"rendered":"","protected":false},"excerpt":{"rendered":"","protected":false},"author":1,"featured_media":0,"parent":0,"menu_order":2,"comment_status":"closed","ping_status":"closed","template":"page-Portfolio3Cols.php","meta":{"footnotes":""},"class_list":["post-9","page","type-page","status-publish","hentry"],"yoast_head":"<!-- This site is optimized with the Yoast SEO plugin v25.3.1 - https:\/\/yoast.com\/wordpress\/plugins\/seo\/ -->\n<title>Agrardienste - Agrardienste Franz Neuner<\/title>\n<meta name=\"description\" content=\"Wir sind spezialisiert auf Agrardienste wie m\u00e4hen und heupressen und bieten zus\u00e4tzlich Spritzbegr\u00fcnung, Heu- Tansporte und Schneer\u00e4umung.\" \/>\n<meta name=\"robots\" content=\"index, follow, max-snippet:-1, max-image-preview:large, max-video-preview:-1\" \/>\n<link rel=\"canonical\" href=\"https:\/\/www.schneiderhof.com\/cms\/landwirtschaft\/\" \/>\n<script type=\"application\/ld+json\" class=\"yoast-schema-graph\">{\"@context\":\"https:\/\/schema.org\",\"@graph\":[{\"@type\":\"WebPage\",\"@id\":\"https:\/\/www.schneiderhof.com\/cms\/landwirtschaft\/\",\"url\":\"https:\/\/www.schneiderhof.com\/cms\/landwirtschaft\/\",\"name\":\"Agrardienste - Agrardienste Franz Neuner\",\"isPartOf\":{\"@id\":\"https:\/\/www.schneiderhof.com\/cms\/#website\"},\"datePublished\":\"2011-07-14T17:46:13+00:00\",\"dateModified\":\"2019-06-19T17:37:14+00:00\",\"description\":\"Wir sind spezialisiert auf Agrardienste wie m\u00e4hen und heupressen und bieten zus\u00e4tzlich Spritzbegr\u00fcnung, Heu- Tansporte und Schneer\u00e4umung.\",\"breadcrumb\":{\"@id\":\"https:\/\/www.schneiderhof.com\/cms\/landwirtschaft\/#breadcrumb\"},\"inLanguage\":\"de\",\"potentialAction\":[{\"@type\":\"ReadAction\",\"target\":[\"https:\/\/www.schneiderhof.com\/cms\/landwirtschaft\/\"]}]},{\"@type\":\"BreadcrumbList\",\"@id\":\"https:\/\/www.schneiderhof.com\/cms\/landwirtschaft\/#breadcrumb\",\"itemListElement\":[{\"@type\":\"ListItem\",\"position\":1,\"name\":\"Home\",\"item\":\"https:\/\/www.schneiderhof.com\/cms\/\"},{\"@type\":\"ListItem\",\"position\":2,\"name\":\"Agrardienste\"}]},{\"@type\":\"WebSite\",\"@id\":\"https:\/\/www.schneiderhof.com\/cms\/#website\",\"url\":\"https:\/\/www.schneiderhof.com\/cms\/\",\"name\":\"Franz Neuner\",\"description\":\"Transporte \u2022 Agrardienste \u2022 Rinderzucht\",\"potentialAction\":[{\"@type\":\"SearchAction\",\"target\":{\"@type\":\"EntryPoint\",\"urlTemplate\":\"https:\/\/www.schneiderhof.com\/cms\/?s={search_term_string}\"},\"query-input\":{\"@type\":\"PropertyValueSpecification\",\"valueRequired\":true,\"valueName\":\"search_term_string\"}}],\"inLanguage\":\"de\"}]}<\/script>\n<!-- \/ Yoast SEO plugin. -->","yoast_head_json":{"title":"Agrardienste - Agrardienste Franz Neuner","description":"Wir sind spezialisiert auf Agrardienste wie m\u00e4hen und heupressen und bieten zus\u00e4tzlich Spritzbegr\u00fcnung, Heu- Tansporte und Schneer\u00e4umung.","robots":{"index":"index","follow":"follow","max-snippet":"max-snippet:-1","max-image-preview":"max-image-preview:large","max-video-preview":"max-video-preview:-1"},"canonical":"https:\/\/www.schneiderhof.com\/cms\/landwirtschaft\/","schema":{"@context":"https:\/\/schema.org","@graph":[{"@type":"WebPage","@id":"https:\/\/www.schneiderhof.com\/cms\/landwirtschaft\/","url":"https:\/\/www.schneiderhof.com\/cms\/landwirtschaft\/","name":"Agrardienste - Agrardienste Franz Neuner","isPartOf":{"@id":"https:\/\/www.schneiderhof.com\/cms\/#website"},"datePublished":"2011-07-14T17:46:13+00:00","dateModified":"2019-06-19T17:37:14+00:00","description":"Wir sind spezialisiert auf Agrardienste wie m\u00e4hen und heupressen und bieten zus\u00e4tzlich Spritzbegr\u00fcnung, Heu- Tansporte und Schneer\u00e4umung.","breadcrumb":{"@id":"https:\/\/www.schneiderhof.com\/cms\/landwirtschaft\/#breadcrumb"},"inLanguage":"de","potentialAction":[{"@type":"ReadAction","target":["https:\/\/www.schneiderhof.com\/cms\/landwirtschaft\/"]}]},{"@type":"BreadcrumbList","@id":"https:\/\/www.schneiderhof.com\/cms\/landwirtschaft\/#breadcrumb","itemListElement":[{"@type":"ListItem","position":1,"name":"Home","item":"https:\/\/www.schneiderhof.com\/cms\/"},{"@type":"ListItem","position":2,"name":"Agrardienste"}]},{"@type":"WebSite","@id":"https:\/\/www.schneiderhof.com\/cms\/#website","url":"https:\/\/www.schneiderhof.com\/cms\/","name":"Franz Neuner","description":"Transporte \u2022 Agrardienste \u2022 Rinderzucht","potentialAction":[{"@type":"SearchAction","target":{"@type":"EntryPoint","urlTemplate":"https:\/\/www.schneiderhof.com\/cms\/?s={search_term_string}"},"query-input":{"@type":"PropertyValueSpecification","valueRequired":true,"valueName":"search_term_string"}}],"inLanguage":"de"}]}},"_links":{"self":[{"href":"https:\/\/www.schneiderhof.com\/cms\/wp-json\/wp\/v2\/pages\/9","targetHints":{"allow":["GET"]}}],"collection":[{"href":"https:\/\/www.schneiderhof.com\/cms\/wp-json\/wp\/v2\/pages"}],"about":[{"href":"https:\/\/www.schneiderhof.com\/cms\/wp-json\/wp\/v2\/types\/page"}],"author":[{"embeddable":true,"href":"https:\/\/www.schneiderhof.com\/cms\/wp-json\/wp\/v2\/users\/1"}],"replies":[{"embeddable":true,"href":"https:\/\/www.schneiderhof.com\/cms\/wp-json\/wp\/v2\/comments?post=9"}],"version-history":[{"count":9,"href":"https:\/\/www.schneiderhof.com\/cms\/wp-json\/wp\/v2\/pages\/9\/revisions"}],"predecessor-version":[{"id":663,"href":"https:\/\/www.schneiderhof.com\/cms\/wp-json\/wp\/v2\/pages\/9\/revisions\/663"}],"wp:attachment":[{"href":"https:\/\/www.schneiderhof.com\/cms\/wp-json\/wp\/v2\/media?parent=9"}],"curies":[{"name":"wp","href":"https:\/\/api.w.org\/{rel}","templated":true}]}}